ulate the remainder when k(27) is divided by o.
7
Let t = -93 - -138. Suppose -2*f + t = 7. Calculate the remainder when 93 is divided by f.
17
Suppose 0 = -10*f + 54 + 96. Suppose 0*o - 54 = -o. Calculate the remainder when o is divided by f.
9
Let w = 40 - 25. Suppose -20 = 3*n - 8*n. Calculate the remainder when w is divided by n.
3
Let u(b) = -2*b**3 - 9*b**2 + 4*b + 11. What is the remainder when 171 is divided by u(-5)?
11
What is the remainder when 88 + (-12)/36*21 is divided by 47?
34
Let l(m) = -m**3 + 9*m**2 - 7*m + 70. Calculate the remainder when l(9) is divided by 3.
1
Calculate the remainder when (4 + (-26)/6)*-105 is divided by 6.
5
Suppose -6*p = -3*p + d - 72, -2*d = -2*p + 40. Suppose p*a - 20 = 21*a. What is the remainder when 29 is divided by a?
9
What is the remainder when (-23)/(-2)*6/(-15)*-5 is divided by 14?
9
Suppose 0 = -4*x - 0*x + 8. Suppose -x = h - 8. Suppose h*p - 90 = p. What is the remainder when p is divided by 10?
8
Let k(o) = -29*o - 7. Let r be 2/(-10) + (-27)/15. What is the remainder when k(r) is divided by 27?
24
Let s be 1 - (1/1 - 1). Let b(m) = 303 + 46*m - 151 - 152. What is the remainder when b(s) is divided by 12?
10
Let c(z) = 18*z - 51. What is the remainder when (-1)/(-5) + 808/10 is divided by c(4)?
18
Suppose 5*i - 2*h + 3 + 0 = 0, 5*i - 3*h = -7. Calculate the remainder when 98 is divided by 32 + i + 2 + -1.
30
Suppose 2*v - 2*z - 8 = -0*z, 0 = 4*z. Suppose -a = -v - 5. Calculate the remainder when a is divided by (-5 + (-3 - -10))*(-5)/(-2).
4
What is the remainder when 66/44 - (406/(-4) - 1) is divided by 36?
32
Let a be 495/5 - (4 + -5 - -1). Suppose -62 = -7*q + a. Let w(m) = -m**2 + 6*m + 8. What is the remainder when q is divided by w(6)?
7
Suppose -4*a + 228 = -2*d, -2*a + d - 6*d + 126 = 0. Suppose 8*h - 3*h = 175. Let z = h - 20. Calculate the remainder when a is divided by z.
13
Calculate the remainder when 21 is divided by 10/((-40)/12) + 5 + 4.
3
Let q(z) = z**2 + 2*z - 4. Let i be q(0). Calculate the remainder when (-9)/(-12) - 13/i - -65 is divided by 14.
13
Let m(w) = -43*w**3 + w**2 + 4*w + 2. Let u be m(-1). What is the remainder when 1*145*u/70 is divided by 15?
12
Suppose -2*x - 4 = -22. Suppose -14*p = -15*p + x. Suppose p = -8*l + 9*l. Calculate the remainder when 16 is divided by l.
7
Let v = 51 + -28. Suppose 4*a = d - v, -4 = -2*d + a + 7. Suppose -d*h + 29 = 2. Calculate the remainder when 25 is divided by h.
7
Suppose 0 = -a + 2*h - 5*h + 45, 0 = 5*a + h - 183. Calculate the remainder when a is divided by 4.
0
Let n = -24 - -23. What is the remainder when 36/12 + 1 + n is divided by 1?
0
Let h be (72/(-20))/(9/(-30)). What is the remainder when (-2)/(-4) - (-57)/6 is divided by 9/15 + h/5?
1
Suppose -3*l = l - 12. Suppose 2*g + l*r = -r + 56, -2*r - 140 = -5*g. Suppose 2*y - g = -0*y. What is the remainder when 26 is divided by y?
12
Suppose 2*t + t = 87. What is the remainder when t is divided by 2*11/(-4)*-2?
7
Suppose -49*j - 16 = -53*j. Suppose 54 = 5*x - j*x. Calculate the remainder when x is divided by 19.
16
Suppose -2*s - 264 = -924. Suppose 0 = 7*l + 3*l - s. Calculate the remainder when l is divided by 19.
14
Let z be 24*(-2)/((-16)/(-6)). Let q = z - -24. Suppose 0 = -0*j - q*j + 42. Calculate the remainder when 13 is divided by j.
6
Let i be (-13)/(13/(-42))*11. Suppose 2*p - j = 313, -2*p - i = -5*p - j. Suppose u - 33 = 4*v, 4*u + v = p + 62. What is the remainder when u is divided by 18?
17
Let m be 2 - (2 + 4 + -4). Suppose t - 3*l = -t, 4*t + l = m. Let q = 8 - t. Calculate the remainder when 15 is divided by q.
7
What is the remainder when 187 is divided by 76 + 5 + -4 + -6 + 12?
21
Suppose -4*h + 16 = 0, -h + 43 + 27 = 2*f. Let u = f - -4. Let a = -28 - -38. What is the remainder when u is divided by a?
7
Let a be 9/(-3) - 2*-1. Let d = -6 + a. Calculate the remainder when (21/(-6))/d*132 is divided by 17.
15
Let n = 14191 + -14179. Suppose -y + 0*x + 62 = -3*x, -3*x = -4*y + 203. What is the remainder when y is divided by n?
11
Suppose 5*c - 3*t = -7*t + 52, -5*c - 2*t = -46. Calculate the remainder when 50 is divided by c.
2
Let w(o) = 9*o + 39. Calculate the remainder when 32 is divided by w(-3).
8
Suppose -2*k - 5*w + 193 = 0, 0 = -2*k + 4*w - 5*w + 173. Calculate the remainder when 160 is divided by k.
76
Suppose -q + 5*o + 112 = 0, 0*o = -q + 3*o + 112. Suppose 2*p - 127 = -4*n - 1, 121 = 4*n + p. What is the remainder when q is divided by n?
25
Let x = -7 + 3. Let c be (x/(-2) - 5) + 296. Let r = c + -208. What is the remainder when r is divided by 22?
19
Suppose -2*c + 8 = -6. Let y(w) = -w**3 + 6*w**2 - 4*w. Let i be y(5). Suppose 0 = -i*d - 11 + 141. What is the remainder when d is divided by c?
5
Suppose 0 = 6*b - 21 + 171. Suppose -80 = -2*g + 5*l, 0*g + 5*l - 200 = -5*g. Calculate the remainder when g is divided by (-3 + b/15)*-3.
12
Let i be (-2)/3 - (-70)/15. Calculate the remainder when (-1 + 0)*2 + 24 is divided by 9/((-2)/(i/(-3))).
4
Calculate the remainder when (12/(-48))/(-2 - (-2781)/1392) is divided by 16.
4
Let v(f) = -6*f**2 - 2*f + 711. What is the remainder when v(0) is divided by 34?
31
Suppose -3*r + 3*v + 138 + 507 = 0, 0 = 2*r + 4*v - 442. What is the remainder when r is divided by 40?
17
Let n(t) be the third derivative of t**4/24 + 7*t**3/2 - 33*t**2. Calculate the remainder when 73 is divided by n(17).
35
Let b be -10 - -8 - 9*-3. Calculate the remainder when 53 is divided by (-27)/(b/(-10) - -1).
17
Let h = 71 + -50. Suppose 4*b - 242 = -2*s, 47 = b - 0*b + 5*s. Let f = b - -21. Calculate the remainder when f is divided by h.
20
Let k = -36 + 64. What is the remainder when 34 is divided by (96/k)/((-2)/(-7))?
10
Let i be ((-120)/9)/(7/21). Let t = 72 - i. Suppose 3*q - 2*p = t, 8*q + 4*p = 4*q + 156. What is the remainder when q is divided by 10?
8
Suppose 2*f = 5*d + 36, -5*d + 8 = 3*f - d. Let j = -6 + f. Suppose 0 = -148*y + 168*y - 40. What is the remainder when j is divided by y?
0
Suppose 22*r + 10 = 362. Suppose 20*t - 56 = r*t. What is the remainder when t is divided by 6?
2
Suppose m - 2*m = 0. Let g = -40 - -42. Suppose -g*b + 19 = r, m = b - 5*b - 16. Calculate the remainder when 106 is divided by r.
25
Let r(m) = 10*m**2 - m - 1. Let y be r(-1). Let x = y + -7. What is the remainder when 20 is divided by ((-154)/33)/((-2)/x)?
6
Suppose -3*m = -h + 5 - 31, 5*m - 49 = -4*h. Suppose -m = 4*a - 5*a. Calculate the remainder when (42/4)/(18/24) is divided by a.
5
Let l = -803 + 954. Calculate the remainder when l is divided by 23.
13
Suppose 0 = -3*t - 15 + 45. Suppose 2*m + t = -3*m, 5*m + 5 = -o. Calculate the remainder when 10 is divided by o.
0
Let m = -1 + 20. Let o = 115 + 425. Suppose -2*n + 12*n = o. What is the remainder when n is divided by m?
16
Let g = -1285 - -1298. Calculate the remainder when 38 is divided by g.
12
Suppose d = 13*r - 10*r - 555, -5*d = 2*r - 387. What is the remainder when r is divided by 21?
18
Suppose -125 = -10*c + 955. Calculate the remainder when c is divided by 28.
24
Let j(r) = -19*r**2 + 71*r. What is the remainder when 206 is divided by j(1)?
50
Let y(i) = 17 + 5*i - 50 + 7. What is the remainder when y(24) is divided by 32?
30
Let j = 81 - 56. Suppose -5*h - 5*s = -432 - 278, 299 = 2*h - 3*s. What is the remainder when h is divided by j?
20
Let d = -6 - -22. Let v(r) = r**3 - 5*r**2 + 5*r - 4. Let p be v(4). Suppose -3*o + 2*o + 78 = p. What is the remainder when o is divided by d?
14
Let g(m) = -m**3 - 22*m**2 - 9*m - 50. Calculate the remainder when g(-22) is divided by 25.
23
Let r = 79 - -258. Calculate the remainder when r is divided by 34.
31
Let s be (44/6)/(1/(-6)). Let t = 77 + s. Suppose n + 24*u - 21*u - 9 = 0, 0 = n - 2*u - 14. Calculate the remainder when t is divided by n.
9
What is the remainder when 40 is divided by 924/105 - 1/(-5)?
4
Let r(x) = -x**2 + 2*x. Let i be r(3). Let a be (-264)/(-16)*(-4)/i. Suppose 0 = -4*n + 2*n + a. What is the remainder when 19 is divided by n?
8
Let u = 61 - 42. Suppose -5*d - 8 = -33. Calculate the remainder when u is divided by d.
4
Let z(n) = 3*n - 25. Let t be z(7). Suppose 0 = 5*v - 1 - 9. What is the remainder when v is divided by ((-6)/(-24))/((-1)/t)?
0
Let c = 93 + -38. Suppose -c - 40 = -5*r. What is t